{"id":533,"date":"2023-09-11T20:14:08","date_gmt":"2023-09-11T20:14:08","guid":{"rendered":"https:\/\/romheritage.eu\/?page_id=533"},"modified":"2023-09-12T10:26:22","modified_gmt":"2023-09-12T10:26:22","slug":"430-2-2","status":"publish","type":"page","link":"https:\/\/romheritage.eu\/?page_id=533","title":{"rendered":"Jerez declaration"},"content":{"rendered":"\n<div class=\"wp-block-jetpack-slideshow aligncenter\" data-effect=\"slide\"><div class=\"wp-block-jetpack-slideshow_container swiper-container\"><ul class=\"wp-block-jetpack-slideshow_swiper-wrapper swiper-wrapper\"><li class=\"wp-block-jetpack-slideshow_slide swiper-slide\"><figure><img loading=\"lazy\" decoding=\"async\" width=\"1024\" height=\"905\" alt=\"\" class=\"wp-block-jetpack-slideshow_image wp-image-521\" data-id=\"521\" src=\"https:\/\/romheritage.eu\/wp-content\/uploads\/2023\/09\/PlenoJerez-1024x905.jpg\" srcset=\"https:\/\/romheritage.eu\/wp-content\/uploads\/2023\/09\/PlenoJerez-1024x905.jpg 1024w, https:\/\/romheritage.eu\/wp-content\/uploads\/2023\/09\/PlenoJerez-300x265.jpg 300w, https:\/\/romheritage.eu\/wp-content\/uploads\/2023\/09\/PlenoJerez-768x679.jpg 768w, https:\/\/romheritage.eu\/wp-content\/uploads\/2023\/09\/PlenoJerez-1200x1061.jpg 1200w, https:\/\/romheritage.eu\/wp-content\/uploads\/2023\/09\/PlenoJerez.jpg 1313w\" sizes=\"auto, (max-width: 1024px) 100vw, 1024px\" \/><\/figure><\/li><li class=\"wp-block-jetpack-slideshow_slide swiper-slide\"><figure><img loading=\"lazy\" decoding=\"async\" width=\"225\" height=\"225\" alt=\"\" class=\"wp-block-jetpack-slideshow_image wp-image-511\" data-id=\"511\" src=\"https:\/\/romheritage.eu\/wp-content\/uploads\/2023\/09\/logoaytojerez.png\" srcset=\"https:\/\/romheritage.eu\/wp-content\/uploads\/2023\/09\/logoaytojerez.png 225w, https:\/\/romheritage.eu\/wp-content\/uploads\/2023\/09\/logoaytojerez-150x150.png 150w\" sizes=\"auto, (max-width: 225px) 100vw, 225px\" \/><\/figure><\/li><\/ul><a class=\"wp-block-jetpack-slideshow_button-prev swiper-button-prev swiper-button-white\" role=\"button\"><\/a><a class=\"wp-block-jetpack-slideshow_button-next swiper-button-next swiper-button-white\" role=\"button\"><\/a><a aria-label=\"Pause Slideshow\" class=\"wp-block-jetpack-slideshow_button-pause\" role=\"button\"><\/a><div class=\"wp-block-jetpack-slideshow_pagination swiper-pagination swiper-pagination-white\"><\/div><\/div><\/div>\n\n\n\n<div class=\"wp-block-columns alignwide is-layout-flex wp-container-core-columns-is-layout-9d6595d7 wp-block-columns-is-layout-flex\">\n<div class=\"wp-block-column is-layout-flow wp-block-column-is-layout-flow\" style=\"flex-basis:100%\">\n<h5 class=\"wp-block-heading\">Jerez de la Frontera City Council\u2019s Institutional Declaration of membership to ROMHERITAGE<\/h5>\n\n\n\n<p>In the ordinary session held by the plenary of the <strong>Jerez de la Frontera (Spain) City Council<\/strong>, on April 27, 2023, all political groups unanimously formulated the following Institutional Declaration of membership to the ROMHERITAGE project:<br><strong>FIRST<\/strong>.- The plenary session of the Jerez de la Frontera City Council declares its express support for the European project called &#8220;European Itineraries of Roma Cultural Heritage&#8221; (ROMHERITAGE), and provides its collaboration to its organizers to jointly design the itineraries that can be established within our city.<br><strong>SECOND<\/strong>.- The plenary session of the Jerez de la Frontera City Council additionally urges the Government of Spain, the Junta de Andaluc\u00eda and the Diputaci\u00f3n de C\u00e1diz to financially support annually through its corresponding budget allocation the project &#8220;European Itineraries of Roma Cultural Heritage&#8221; (ROMHERITAGE), and very particularly with the one designed in our town, in order to provide it with all those infrastructures, material and human resources necessary to fulfill its objectives&#8221;.<\/p>\n<\/div>\n<\/div>\n\n\n\n<div class=\"wp-block-buttons is-content-justification-center is-layout-flex wp-container-core-buttons-is-layout-16018d1d wp-block-buttons-is-layout-flex\">\n<div class=\"wp-block-button aligncenter\"><a class=\"wp-block-button__link wp-element-button\" href=\"https:\/\/teledifusioncloud.net\/jerez\/recursos\/documentos\/2023-06\/30-12-54-38acta-pleno-ordinario-20230427_censuradopdf.pdf\" target=\"_blank\" rel=\"noreferrer noopener\">Minutes of the Plenary Session of the Jerez City Council of April 27, 2023 (page 4)<\/a><\/div>\n<\/div>\n\n\n\n<div class=\"wp-block-buttons is-content-justification-center is-layout-flex wp-container-core-buttons-is-layout-16018d1d wp-block-buttons-is-layout-flex\">\n<div class=\"wp-block-button aligncenter\"><a class=\"wp-block-button__link wp-element-button\" href=\"https:\/\/teledifusioncloud.net\/jerez\/contenido\/plenos-2023\/20230427-pleno-ordinario.htm?id=199\" target=\"_blank\" rel=\"noreferrer noopener\">Video of the Plenary Session<\/a><\/div>\n<\/div>\n\n\n\n<div class=\"wp-block-columns is-layout-flex wp-container-core-columns-is-layout-9d6595d7 wp-block-columns-is-layout-flex\">\n<div class=\"wp-block-column is-layout-flow wp-block-column-is-layout-flow\">\n<div class=\"wp-block-buttons is-content-justification-center is-layout-flex wp-container-core-buttons-is-layout-16018d1d wp-block-buttons-is-layout-flex\">\n<div class=\"wp-block-button aligncenter\"><a class=\"wp-block-button__link wp-element-button\" href=\"https:\/\/jerez.es\/noticia-simple-portada\/el-pleno-aprueba-cinco-estudios-de-detalle-para-posibilitar-nuevas-inversiones-en-la-ciudad-por-valor-de-100-millones-de-euros\">PRESS NOTE<\/a><\/div>\n<\/div>\n<\/div>\n<\/div>\n","protected":false},"excerpt":{"rendered":"<p>Jerez de la Frontera City Council\u2019s Institutional Declaration of membership to ROMHERITAGE In the ordinary session held by the plenary of the Jerez de la Frontera (Spain) City Council, on April 27, 2023, all political groups unanimously formulated the following Institutional Declaration of membership to the ROMHERITAGE project:FIRST.- The plenary session of the Jerez de [&hellip;]<\/p>\n","protected":false},"author":1,"featured_media":0,"parent":0,"menu_order":0,"comment_status":"closed","ping_status":"closed","template":"","meta":{"footnotes":""},"class_list":["post-533","page","type-page","status-publish","hentry"],"yoast_head":"<!-- This site is optimized with the Yoast SEO plugin v21.3 - https:\/\/yoast.com\/wordpress\/plugins\/seo\/ -->\n<title>Jerez declaration - ROMHERITAGE<\/title>\n<meta name=\"robots\" content=\"index, follow, max-snippet:-1, max-image-preview:large, max-video-preview:-1\" \/>\n<link rel=\"canonical\" href=\"https:\/\/romheritage.eu\/?page_id=533\" \/>\n<meta property=\"og:locale\" content=\"en_US\" \/>\n<meta property=\"og:type\" content=\"article\" \/>\n<meta property=\"og:title\" content=\"Jerez declaration - ROMHERITAGE\" \/>\n<meta property=\"og:description\" content=\"Jerez de la Frontera City Council\u2019s Institutional Declaration of membership to ROMHERITAGE In the ordinary session held by the plenary of the Jerez de la Frontera (Spain) City Council, on April 27, 2023, all political groups unanimously formulated the following Institutional Declaration of membership to the ROMHERITAGE project:FIRST.- The plenary session of the Jerez de [&hellip;]\" \/>\n<meta property=\"og:url\" content=\"https:\/\/romheritage.eu\/?page_id=533\" \/>\n<meta property=\"og:site_name\" content=\"ROMHERITAGE\" \/>\n<meta property=\"article:modified_time\" content=\"2023-09-12T10:26:22+00:00\" \/>\n<meta property=\"og:image\" content=\"https:\/\/romheritage.eu\/wp-content\/uploads\/2023\/09\/PlenoJerez-1024x905.jpg\" \/>\n<meta name=\"twitter:card\" content=\"summary_large_image\" \/>\n<meta name=\"twitter:label1\" content=\"Est. reading time\" \/>\n\t<meta name=\"twitter:data1\" content=\"2 minutes\" \/>\n<script type=\"application\/ld+json\" class=\"yoast-schema-graph\">{\"@context\":\"https:\/\/schema.org\",\"@graph\":[{\"@type\":\"WebPage\",\"@id\":\"https:\/\/romheritage.eu\/?page_id=533\",\"url\":\"https:\/\/romheritage.eu\/?page_id=533\",\"name\":\"Jerez declaration - ROMHERITAGE\",\"isPartOf\":{\"@id\":\"https:\/\/romheritage.eu\/#website\"},\"datePublished\":\"2023-09-11T20:14:08+00:00\",\"dateModified\":\"2023-09-12T10:26:22+00:00\",\"breadcrumb\":{\"@id\":\"https:\/\/romheritage.eu\/?page_id=533#breadcrumb\"},\"inLanguage\":\"en-US\",\"potentialAction\":[{\"@type\":\"ReadAction\",\"target\":[\"https:\/\/romheritage.eu\/?page_id=533\"]}]},{\"@type\":\"BreadcrumbList\",\"@id\":\"https:\/\/romheritage.eu\/?page_id=533#breadcrumb\",\"itemListElement\":[{\"@type\":\"ListItem\",\"position\":1,\"name\":\"Portada\",\"item\":\"https:\/\/romheritage.eu\/\"},{\"@type\":\"ListItem\",\"position\":2,\"name\":\"Jerez declaration\"}]},{\"@type\":\"WebSite\",\"@id\":\"https:\/\/romheritage.eu\/#website\",\"url\":\"https:\/\/romheritage.eu\/\",\"name\":\"ROMHERITAGE\",\"description\":\"\",\"publisher\":{\"@id\":\"https:\/\/romheritage.eu\/#organization\"},\"potentialAction\":[{\"@type\":\"SearchAction\",\"target\":{\"@type\":\"EntryPoint\",\"urlTemplate\":\"https:\/\/romheritage.eu\/?s={search_term_string}\"},\"query-input\":\"required name=search_term_string\"}],\"inLanguage\":\"en-US\"},{\"@type\":\"Organization\",\"@id\":\"https:\/\/romheritage.eu\/#organization\",\"name\":\"ROMHERITAGE\",\"url\":\"https:\/\/romheritage.eu\/\",\"logo\":{\"@type\":\"ImageObject\",\"inLanguage\":\"en-US\",\"@id\":\"https:\/\/romheritage.eu\/#\/schema\/logo\/image\/\",\"url\":\"https:\/\/romheritage.eu\/wp-content\/uploads\/2023\/02\/Logo-Vertical.jpg\",\"contentUrl\":\"https:\/\/romheritage.eu\/wp-content\/uploads\/2023\/02\/Logo-Vertical.jpg\",\"width\":492,\"height\":389,\"caption\":\"ROMHERITAGE\"},\"image\":{\"@id\":\"https:\/\/romheritage.eu\/#\/schema\/logo\/image\/\"}}]}<\/script>\n<!-- \/ Yoast SEO plugin. -->","yoast_head_json":{"title":"Jerez declaration - ROMHERITAGE","robots":{"index":"index","follow":"follow","max-snippet":"max-snippet:-1","max-image-preview":"max-image-preview:large","max-video-preview":"max-video-preview:-1"},"canonical":"https:\/\/romheritage.eu\/?page_id=533","og_locale":"en_US","og_type":"article","og_title":"Jerez declaration - ROMHERITAGE","og_description":"Jerez de la Frontera City Council\u2019s Institutional Declaration of membership to ROMHERITAGE In the ordinary session held by the plenary of the Jerez de la Frontera (Spain) City Council, on April 27, 2023, all political groups unanimously formulated the following Institutional Declaration of membership to the ROMHERITAGE project:FIRST.- The plenary session of the Jerez de [&hellip;]","og_url":"https:\/\/romheritage.eu\/?page_id=533","og_site_name":"ROMHERITAGE","article_modified_time":"2023-09-12T10:26:22+00:00","og_image":[{"url":"https:\/\/romheritage.eu\/wp-content\/uploads\/2023\/09\/PlenoJerez-1024x905.jpg"}],"twitter_card":"summary_large_image","twitter_misc":{"Est. reading time":"2 minutes"},"schema":{"@context":"https:\/\/schema.org","@graph":[{"@type":"WebPage","@id":"https:\/\/romheritage.eu\/?page_id=533","url":"https:\/\/romheritage.eu\/?page_id=533","name":"Jerez declaration - ROMHERITAGE","isPartOf":{"@id":"https:\/\/romheritage.eu\/#website"},"datePublished":"2023-09-11T20:14:08+00:00","dateModified":"2023-09-12T10:26:22+00:00","breadcrumb":{"@id":"https:\/\/romheritage.eu\/?page_id=533#breadcrumb"},"inLanguage":"en-US","potentialAction":[{"@type":"ReadAction","target":["https:\/\/romheritage.eu\/?page_id=533"]}]},{"@type":"BreadcrumbList","@id":"https:\/\/romheritage.eu\/?page_id=533#breadcrumb","itemListElement":[{"@type":"ListItem","position":1,"name":"Portada","item":"https:\/\/romheritage.eu\/"},{"@type":"ListItem","position":2,"name":"Jerez declaration"}]},{"@type":"WebSite","@id":"https:\/\/romheritage.eu\/#website","url":"https:\/\/romheritage.eu\/","name":"ROMHERITAGE","description":"","publisher":{"@id":"https:\/\/romheritage.eu\/#organization"},"potentialAction":[{"@type":"SearchAction","target":{"@type":"EntryPoint","urlTemplate":"https:\/\/romheritage.eu\/?s={search_term_string}"},"query-input":"required name=search_term_string"}],"inLanguage":"en-US"},{"@type":"Organization","@id":"https:\/\/romheritage.eu\/#organization","name":"ROMHERITAGE","url":"https:\/\/romheritage.eu\/","logo":{"@type":"ImageObject","inLanguage":"en-US","@id":"https:\/\/romheritage.eu\/#\/schema\/logo\/image\/","url":"https:\/\/romheritage.eu\/wp-content\/uploads\/2023\/02\/Logo-Vertical.jpg","contentUrl":"https:\/\/romheritage.eu\/wp-content\/uploads\/2023\/02\/Logo-Vertical.jpg","width":492,"height":389,"caption":"ROMHERITAGE"},"image":{"@id":"https:\/\/romheritage.eu\/#\/schema\/logo\/image\/"}}]}},"jetpack_sharing_enabled":true,"_links":{"self":[{"href":"https:\/\/romheritage.eu\/index.php?rest_route=\/wp\/v2\/pages\/533","targetHints":{"allow":["GET"]}}],"collection":[{"href":"https:\/\/romheritage.eu\/index.php?rest_route=\/wp\/v2\/pages"}],"about":[{"href":"https:\/\/romheritage.eu\/index.php?rest_route=\/wp\/v2\/types\/page"}],"author":[{"embeddable":true,"href":"https:\/\/romheritage.eu\/index.php?rest_route=\/wp\/v2\/users\/1"}],"replies":[{"embeddable":true,"href":"https:\/\/romheritage.eu\/index.php?rest_route=%2Fwp%2Fv2%2Fcomments&post=533"}],"version-history":[{"count":3,"href":"https:\/\/romheritage.eu\/index.php?rest_route=\/wp\/v2\/pages\/533\/revisions"}],"predecessor-version":[{"id":540,"href":"https:\/\/romheritage.eu\/index.php?rest_route=\/wp\/v2\/pages\/533\/revisions\/540"}],"wp:attachment":[{"href":"https:\/\/romheritage.eu\/index.php?rest_route=%2Fwp%2Fv2%2Fmedia&parent=533"}],"curies":[{"name":"wp","href":"https:\/\/api.w.org\/{rel}","templated":true}]}}